{"id":111,"date":"2024-12-06T17:19:03","date_gmt":"2024-12-06T16:19:03","guid":{"rendered":"https:\/\/shbe-68.fr\/?page_id=111"},"modified":"2024-12-06T17:19:03","modified_gmt":"2024-12-06T16:19:03","slug":"annuaire-2020","status":"publish","type":"page","link":"https:\/\/shbe-68.fr\/index.php\/annuaire-2020\/","title":{"rendered":"Annuaire 2020"},"content":{"rendered":"\n<p><strong>\u00c0 D\u00c9COUVRIR DANS CET ANNUAIRE :<\/strong><\/p>\n\n\n\n<p><strong>Pour Bartenheim<\/strong><br>&#8211; La Chapelle Saint-Nicolas de Bartenheim<br>&#8211; La cr\u00e8che de l&rsquo;\u00e9glise Saint-Georges de Bartenheim<br>&#8211; L&rsquo;AU de Bartenheim<br>&#8211; Enfants pendant la Premi\u00e8re Guerre mondiale<br>&#8211; L\u2019\u00e9vacuation de Bartenheim en 1939<br>&#8211; Henri Schmidlin, tailleur pour hommes \u00e0 Bartenheim<br>&#8211; Histoire de l&rsquo;.Association de P\u00eache et de Pisciculture de Bartenheim<br>&#8211; Le \u00ab Punkwehr \u00bb ou \u00ab Neiquartier \u00bb de Bartenheim<br>&#8211; \u00abNamma vo dr B\u00e0rtener Str\u00e0ussa \u00bb (noms de rues de Bartenheim)<br>&#8211; Le Syndicat des Eaux de Bartenheim-Kembs-Rosenau (BAKERO)<\/p>\n\n\n\n<p><strong>Pour Brinckheim<\/strong><br>&#8211; Thi\u00e9baut Cron, instituteur \u00e0 Brinckheim de 1840 \u00e0 1855<\/p>\n\n\n\n<p><strong>Pour Helfrantzkirch<\/strong><br>&#8211; Une journ\u00e9e dans la vie de Gustave Tschamber<br>&#8211; La germanisation des noms \u00e0 Helfrantzkirchdurant la Seconde Guerre mondiale<br>&#8211; M\u00e9tiers et commerces \u00e0 Helfrantzkirch de 1900 \u00e0 2000<br>&#8211; L&rsquo;association \u00ab Zitvertrieber \u00bb de Helfrantzkirch<br>&#8211; Les surprenantes origines de l&rsquo;.ASCCO de Helfrantzkirch<br>&#8211; Histoires et anecdotes du corps des sapeurs-pompiers et de la musique de Helfrantzkirch<br>&#8211; 1942, un fait oubli\u00e9 \u00e0 Helfrantzkirch<\/p>\n\n\n\n<p><strong>Pour Kappelen<\/strong><br>&#8211; Le P\u00e8re Joseph Wollens.chneider, missionnaire en Afrique<br>&#8211; Les premiers si\u00e8cles de la communaut\u00e9 chr\u00e9tienne de Kappelen<br>&#8211; Wia ma &lsquo;s m\u00e0cht isch &lsquo;s latz! po\u00e8me de Pierre Specker<\/p>\n\n\n\n<p><strong>Pour Stetten<\/strong><br>&#8211; Tous en sc\u00e8ne avec les Stetten Kids<\/p>\n\n\n\n<p><strong>Histoire r\u00e9gionale<\/strong><br>&#8211; L\u2019histoire des monnaies d\u2019Alsace<\/p>\n","protected":false},"excerpt":{"rendered":"<p>\u00c0 D\u00c9COUVRIR DANS CET ANNUAIRE : Pour Bartenheim&#8211; La Chapelle Saint-Nicolas de Bartenheim&#8211; La cr\u00e8che de l&rsquo;\u00e9glise Saint-Georges de Bartenheim&#8211; L&rsquo;AU de Bartenheim&#8211; Enfants pendant la Premi\u00e8re Guerre mondiale&#8211; L\u2019\u00e9vacuation de Bartenheim en 1939&#8211; Henri Schmidlin, tailleur pour hommes \u00e0 Bartenheim&#8211; Histoire de l&rsquo;.Association de P\u00eache et de Pisciculture de Bartenheim&#8211; Le \u00ab Punkwehr \u00bb ou \u00ab Neiquartier \u00bb de Bartenheim&#8211; \u00abNamma vo dr B\u00e0rtener Str\u00e0ussa \u00bb (noms de rues de Bartenheim)&#8211; Le Syndicat des Eaux de Bartenheim-Kembs-Rosenau (BAKERO) Pour Brinckheim&#8211; Thi\u00e9baut Cron, instituteur \u00e0 Brinckheim de 1840 \u00e0 1855 Pour Helfrantzkirch&#8211; Une journ\u00e9e dans la vie de Gustave Tschamber&#8211; La germanisation des noms \u00e0 Helfrantzkirchdurant la Seconde Guerre mondiale&#8211; M\u00e9tiers et commerces \u00e0 Helfrantzkirch de 1900 \u00e0 2000&#8211; L&rsquo;association \u00ab Zitvertrieber \u00bb de Helfrantzkirch&#8211; Les surprenantes origines de l&rsquo;.ASCCO de Helfrantzkirch&#8211; Histoires et anecdotes du corps des sapeurs-pompiers et de la musique de Helfrantzkirch&#8211; 1942, un fait oubli\u00e9 \u00e0 Helfrantzkirch Pour Kappelen&#8211; Le P\u00e8re Joseph Wollens.chneider, missionnaire en Afrique&#8211; Les premiers si\u00e8cles de la communaut\u00e9 chr\u00e9tienne de Kappelen&#8211; Wia ma &lsquo;s m\u00e0cht isch &lsquo;s latz! po\u00e8me de Pierre Specker Pour Stetten&#8211; Tous en sc\u00e8ne avec les Stetten Kids Histoire r\u00e9gionale&#8211; L\u2019histoire des monnaies d\u2019Alsace<\/p>\n","protected":false},"author":1,"featured_media":0,"parent":0,"menu_order":0,"comment_status":"closed","ping_status":"closed","template":"","meta":{"pgc_sgb_lightbox_settings":"","footnotes":""},"class_list":["post-111","page","type-page","status-publish","hentry"],"acf":[],"_links":{"self":[{"href":"https:\/\/shbe-68.fr\/index.php\/wp-json\/wp\/v2\/pages\/111","targetHints":{"allow":["GET"]}}],"collection":[{"href":"https:\/\/shbe-68.fr\/index.php\/wp-json\/wp\/v2\/pages"}],"about":[{"href":"https:\/\/shbe-68.fr\/index.php\/wp-json\/wp\/v2\/types\/page"}],"author":[{"embeddable":true,"href":"https:\/\/shbe-68.fr\/index.php\/wp-json\/wp\/v2\/users\/1"}],"replies":[{"embeddable":true,"href":"https:\/\/shbe-68.fr\/index.php\/wp-json\/wp\/v2\/comments?post=111"}],"version-history":[{"count":1,"href":"https:\/\/shbe-68.fr\/index.php\/wp-json\/wp\/v2\/pages\/111\/revisions"}],"predecessor-version":[{"id":113,"href":"https:\/\/shbe-68.fr\/index.php\/wp-json\/wp\/v2\/pages\/111\/revisions\/113"}],"wp:attachment":[{"href":"https:\/\/shbe-68.fr\/index.php\/wp-json\/wp\/v2\/media?parent=111"}],"curies":[{"name":"wp","href":"https:\/\/api.w.org\/{rel}","templated":true}]}}