{"id":285,"date":"2025-01-18T19:58:42","date_gmt":"2025-01-18T18:58:42","guid":{"rendered":"https:\/\/shbe-68.fr\/?page_id=285"},"modified":"2025-01-18T20:03:12","modified_gmt":"2025-01-18T19:03:12","slug":"blason-de-kappelen","status":"publish","type":"page","link":"https:\/\/shbe-68.fr\/index.php\/blason-de-kappelen\/","title":{"rendered":"Blason de Kappelen"},"content":{"rendered":"\n<div class=\"wp-block-columns is-layout-flex wp-container-core-columns-is-layout-9d6595d7 wp-block-columns-is-layout-flex\">\n<div class=\"wp-block-column is-layout-flow wp-block-column-is-layout-flow\" style=\"flex-basis:33.33%\"><div class=\"wp-block-image\">\n<figure class=\"alignright size-full\"><img loading=\"lazy\" decoding=\"async\" width=\"100\" height=\"122\" src=\"http:\/\/shbe-68.fr\/wp-content\/uploads\/2025\/01\/Blason-de-Kappelen-w.png\" alt=\"\" class=\"wp-image-265\"\/><\/figure>\n<\/div><\/div>\n\n\n\n<div class=\"wp-block-column is-layout-flow wp-block-column-is-layout-flow\" style=\"flex-basis:66.66%\">\n<p><strong>Kappelen et sa&nbsp;petite chapelle<\/strong><\/p>\n\n\n\n<p>\u00c9glise d\u2019un village disparu\u2009? Premi\u00e8re \u00e9glise-m\u00e8re de Stetten, Kappelen et Brinckheim\u2009? Kappelen lui doit-il son nom, avant d\u2019en avoir fait ses armoiries\u2009? La petite chapelle Saint-Wolfgang n\u2019a pas encore livr\u00e9 tous les secrets d\u2019une longue histoire qui remonte pour le moins au Moyen \u00c2ge.<br>\u00ab\u2009De gueules \u00e0 la chapelle de Saint-Wolfgang d\u2019or ajour\u00e9e de sable\u2009\u00bb\u2009: ces armoiries cr\u00e9\u00e9es en 1977 sont des plus parlantes. Elles \u00e9voquent \u00e0 la fois le nom du village, Kappelen d\u00e9rivant de \u00ab\u2009capella\u2009\u00bb, la chapelle en latin m\u00e9di\u00e9val, et la chapelle Saint-Wolfgang situ\u00e9e \u00e0 l\u2019ext\u00e9rieur du village en direction de Stetten.<br>Kappelen est mentionn\u00e9e, sous la d\u00e9nomination \u00ab\u2009Chapellon\u2009\u00bb, une premi\u00e8re fois dans une charte (1144) sign\u00e9e par le pape Lucius II \u00e0 propos de biens poss\u00e9d\u00e9s par le prieur\u00e9 de Saint-Apollinaire (Michelbach-le-Haut).<\/p>\n\n\n\n<p class=\"has-vivid-purple-color has-text-color has-link-color wp-elements-4bae8155904a0d505184ffd7b4b2f24b\"><strong><a href=\"https:\/\/shbe-68.fr\/index.php\/histoire-et-patrimoine-de-kappelen\/\" data-type=\"page\" data-id=\"66\">Retour<\/a><\/strong><\/p>\n<\/div>\n<\/div>\n","protected":false},"excerpt":{"rendered":"<p>Kappelen et sa&nbsp;petite chapelle \u00c9glise d\u2019un village disparu\u2009? Premi\u00e8re \u00e9glise-m\u00e8re de Stetten, Kappelen et Brinckheim\u2009? Kappelen lui doit-il son nom, avant d\u2019en avoir fait ses armoiries\u2009? La petite chapelle Saint-Wolfgang n\u2019a pas encore livr\u00e9 tous les secrets d\u2019une longue histoire qui remonte pour le moins au Moyen \u00c2ge.\u00ab\u2009De gueules \u00e0 la chapelle de Saint-Wolfgang d\u2019or ajour\u00e9e de sable\u2009\u00bb\u2009: ces armoiries cr\u00e9\u00e9es en 1977 sont des plus parlantes. Elles \u00e9voquent \u00e0 la fois le nom du village, Kappelen d\u00e9rivant de \u00ab\u2009capella\u2009\u00bb, la chapelle en latin m\u00e9di\u00e9val, et la chapelle Saint-Wolfgang situ\u00e9e \u00e0 l\u2019ext\u00e9rieur du village en direction de Stetten.Kappelen est mentionn\u00e9e, sous la d\u00e9nomination \u00ab\u2009Chapellon\u2009\u00bb, une premi\u00e8re fois dans une charte (1144) sign\u00e9e par le pape Lucius II \u00e0 propos de biens poss\u00e9d\u00e9s par le prieur\u00e9 de Saint-Apollinaire (Michelbach-le-Haut). Retour<\/p>\n","protected":false},"author":1,"featured_media":0,"parent":0,"menu_order":0,"comment_status":"closed","ping_status":"closed","template":"","meta":{"pgc_sgb_lightbox_settings":"","footnotes":""},"class_list":["post-285","page","type-page","status-publish","hentry"],"acf":[],"_links":{"self":[{"href":"https:\/\/shbe-68.fr\/index.php\/wp-json\/wp\/v2\/pages\/285","targetHints":{"allow":["GET"]}}],"collection":[{"href":"https:\/\/shbe-68.fr\/index.php\/wp-json\/wp\/v2\/pages"}],"about":[{"href":"https:\/\/shbe-68.fr\/index.php\/wp-json\/wp\/v2\/types\/page"}],"author":[{"embeddable":true,"href":"https:\/\/shbe-68.fr\/index.php\/wp-json\/wp\/v2\/users\/1"}],"replies":[{"embeddable":true,"href":"https:\/\/shbe-68.fr\/index.php\/wp-json\/wp\/v2\/comments?post=285"}],"version-history":[{"count":2,"href":"https:\/\/shbe-68.fr\/index.php\/wp-json\/wp\/v2\/pages\/285\/revisions"}],"predecessor-version":[{"id":293,"href":"https:\/\/shbe-68.fr\/index.php\/wp-json\/wp\/v2\/pages\/285\/revisions\/293"}],"wp:attachment":[{"href":"https:\/\/shbe-68.fr\/index.php\/wp-json\/wp\/v2\/media?parent=285"}],"curies":[{"name":"wp","href":"https:\/\/api.w.org\/{rel}","templated":true}]}}